{"id":811,"date":"2019-08-16T17:05:51","date_gmt":"2019-08-16T20:05:51","guid":{"rendered":"http:\/\/sincomavi.org.br\/?page_id=811"},"modified":"2022-05-03T15:02:29","modified_gmt":"2022-05-03T18:02:29","slug":"associe-se","status":"publish","type":"page","link":"https:\/\/sincomavi.org.br\/?page_id=811","title":{"rendered":"Cadastre-se"},"content":{"rendered":"\n<p>O Sincomavi cumpre papel primordial no dia a dia das empresas do setor ao negociar Conven\u00e7\u00f5es Coletivas de Trabalho, defender os interesses da categoria nas mais diferentes esferas governamentais, monitorar mudan\u00e7as na legisla\u00e7\u00e3o e firmar acordos e parcerias que beneficiam as empresas em suas mais diferentes necessidades. Al\u00e9m disso,&nbsp; a entidade disponibiliza uma s\u00e9rie de conte\u00fados especiais a seus contribuintes. <\/p>\n\n\n\n<p>O cadastramento pode ser feito com o preenchimento do formul\u00e1rio abaixo. Ap\u00f3s esse passo, um representante do Sincomavi entrar\u00e1 em contato para prestar todas as informa\u00e7\u00f5es necess\u00e1rias para finalizar o processo, al\u00e9m, \u00e9 claro, de prestar outros esclarecimentos. <\/p>\n\n\n<form version=\"2.0\" class=\"formIntegration formIntegration2 \" accept-charset=\"UTF-8\" method=\"post\" onsubmit=\"return dinForms.ValidateForm(this)\" action=\"https:\/\/receiver.emkt.dinamize.com\/in\/307506\/1\/ef570\/0\" target=\"DinamizeIframeFormIntegration\">\r\n\t\t    <input type=\"hidden\" name=\"update_mode\" value=\"AV\"\/>\r\n\t\t    <input type=\"hidden\" name=\"form-code\" value=\"23\"\/>\r\n\t\t    <input type=\"hidden\" name=\"isMsg\" value=\"true\"\/><div class=\"DinamizeDivCaptchaMessage\">Captcha obrigat\u00f3rio<\/div><input type=\"hidden\" class=\"emailInvalid\" value=\"E-mail inv\u00e1lido\" disabled \/><input type=\"hidden\" class=\"required\" value=\"Campo obrigat\u00f3rio\" disabled \/><input type=\"hidden\" class=\"dateInvalid\" value=\"Data inv\u00e1lida\" disabled \/><input type=\"hidden\" class=\"phoneInvalid\" value=\"Telefone inv\u00e1lido\" disabled \/><div class=\"DinamizeDivMessageAlert\"><\/div>\r\n\t\t        <div class=\"DinamizeDivMessageSuccess\">Seu interesse em ser um associado Sincomavi foi registrado com sucesso! Entraremos em contato o mais r&aacute;pido poss&iacute;vel.<br \/><br \/>Obrigado,<br \/><br \/>Sincomavi<\/div>\r\n\t\t        <div class=\"DinamizeDivMessageError\"><\/div>\r\n\t\t        <input type=\"hidden\" name=\"text-confirmation\" value=\"U2V1IGludGVyZXNzZSBlbSBzZXIgdW0gYXNzb2NpYWRvIFNpbmNvbWF2aSBmb2kgcmVnaXN0cmFkbyBjb20gc3VjZXNzbyEgRW50cmFyZW1vcyBlbSBjb250YXRvIG8gbWFpcyByJmFhY3V0ZTtwaWRvIHBvc3MmaWFjdXRlO3ZlbC48YnIgLz48YnIgLz5PYnJpZ2Fkbyw8YnIgLz48YnIgLz5TaW5jb21hdmk=\"\/>\r\n\t\t        <input type=\"hidden\" name=\"text-error\" value=\"\"\/>\r\n\t\t        <input type=\"hidden\" name=\"text-alert\" value=\"\"\/><input type=\"hidden\" name=\"cmp4\" value=\"FORMUL&Aacute;RIO INTERESSE - ASSOCIA&Ccedil;&Atilde;O\"\/><input type=\"hidden\" name=\"double-optin\" value=\"on\"\/><input type=\"hidden\" name=\"double-optin-text\" value=\"T2JyaWdhZG8gcG9yIGNvbmZpcm1hciBzZXUgaW50ZXJlc3NlIGVtIHNlciBhc3NvY2lhZG8gU2luY29tYXZpLg==\"\/><input type=\"hidden\" name=\"email-alert\" value=\"on\"\/>\r\n\t\t        <input type=\"hidden\" name=\"email-alert-code\" value=\"3\"\/><input type=\"hidden\" name=\"phase-change\" value=\"off\"\/><div class=\"\"><div class=\"block\"><div class=\"vertical divlabel\"><label>Nome<\/label><\/div><div class=\"vertical divinput\"><input type=\"text\" name=\"cmp2\"  placeholder=\"\" format=\"\"  class=\"type_VC field-required \" maxlength=\"80\" \/>\r\n\t\t                            <\/div>\r\n\t\t            <\/div><div class=\"block\"><div class=\"vertical divlabel\"><label>E-mail<\/label><\/div><div class=\"vertical divinput\"><input type=\"text\" name=\"cmp1\"  placeholder=\"\" format=\"\"  class=\"type_EMAIL field-required \" maxlength=\"80\" \/>\r\n\t\t                            <\/div>\r\n\t\t            <\/div><div class=\"block\"><div class=\"vertical divlabel\"><label>Cargo<\/label><\/div><div class=\"vertical divinput\"><input type=\"text\" name=\"cmp19\"  placeholder=\"\" format=\"\"  class=\"type_VC field-required \" maxlength=\"80\" \/>\r\n\t\t                            <\/div>\r\n\t\t            <\/div><div class=\"block\"><div class=\"vertical divlabel\"><label>Telefone<\/label><\/div><div class=\"vertical divinput\"><textarea name=\"cmp28\" placeholder=\"\" format=\"\" class=\"type_TXT field-required\" maxlength=\"3000\" ><\/textarea><\/div>\r\n\t\t            <\/div><div class=\"block\"><div class=\"vertical divlabel\"><label>CNPJ<\/label><\/div><div class=\"vertical divinput\"><input type=\"text\" name=\"cmp8\"  placeholder=\"\" format=\"\"  class=\"type_VC field-required \" maxlength=\"80\" \/>\r\n\t\t                            <\/div>\r\n\t\t            <\/div><div class=\"block\"><div class=\"vertical divlabel\"><label>Empresa<\/label><\/div><div class=\"vertical divinput\"><textarea name=\"cmp27\" placeholder=\"\" format=\"\" class=\"type_TXT field-required\" maxlength=\"3000\" ><\/textarea><\/div>\r\n\t\t            <\/div><div class=\"block\">\r\n\t\t            <div class=\"vertical class1 submit submit-button-td\">\r\n\t\t                <input type=\"submit\" value=\"Cadastre-se\" original-value=\"Cadastre-se\" class=\"dinSubmit\" \/>\r\n\t\t                <div class=\"spinner\"><div class=\"bounce1\"><\/div><div class=\"bounce2\"><\/div><div class=\"bounce3\"><\/div><\/div>\r\n\t\t            <\/div>\r\n\t\t        <\/div>\r\n\t\t    <\/div>\r\n\t\t<\/form>\n\n\n\n<h4 class=\"wp-block-heading\"><strong>Conhe\u00e7a um pouco do trabalho desenvolvido no v\u00eddeo abaixo:<\/strong><\/h4>\n\n\n\n<figure class=\"wp-block-embed is-type-video is-provider-youtube wp-block-embed-youtube wp-embed-aspect-16-9 wp-has-aspect-ratio\"><div class=\"wp-block-embed__wrapper\">\n<div class=\"youtube-embed\" data-video_id=\"q-Ti7AGpows\"><iframe loading=\"lazy\" title=\"INSTITUCIONAL\" width=\"640\" height=\"360\" src=\"https:\/\/www.youtube.com\/embed\/q-Ti7AGpows?feature=oembed&#038;enablejsapi=1\" frameborder=\"0\" allow=\"accelerometer; autoplay; clipboard-write; encrypted-media; gyroscope; picture-in-picture; web-share\" referrerpolicy=\"strict-origin-when-cross-origin\" allowfullscreen><\/iframe><\/div>\n<\/div><\/figure>\n\n\n<style>.wp-block-kadence-spacer.kt-block-spacer-_18467c-d5 .kt-block-spacer{height:60px;}.wp-block-kadence-spacer.kt-block-spacer-_18467c-d5 .kt-divider{border-top-width:1px;height:1px;border-top-color:#eee;width:80%;border-top-style:solid;}<\/style>\n<div class=\"wp-block-kadence-spacer aligncenter kt-block-spacer-_18467c-d5\"><div class=\"kt-block-spacer kt-block-spacer-halign-center\"><hr class=\"kt-divider\"\/><\/div><\/div>\n","protected":false},"excerpt":{"rendered":"<p>O Sincomavi cumpre papel primordial no dia a dia das empresas do setor ao negociar Conven\u00e7\u00f5es Coletivas de Trabalho, defender os interesses da categoria nas mais diferentes esferas governamentais, monitorar mudan\u00e7as na legisla\u00e7\u00e3o e firmar acordos e parcerias que beneficiam as empresas em suas mais diferentes necessidades. Al\u00e9m disso,&nbsp; a entidade disponibiliza uma s\u00e9rie de [&hellip;]<\/p>\n","protected":false},"author":1,"featured_media":0,"parent":0,"menu_order":0,"comment_status":"closed","ping_status":"closed","template":"","meta":{"tdm_status":"","tdm_grid_status":"enabled","footnotes":""},"class_list":["post-811","page","type-page","status-publish","hentry"],"amp_enabled":true,"_links":{"self":[{"href":"https:\/\/sincomavi.org.br\/index.php?rest_route=\/wp\/v2\/pages\/811","targetHints":{"allow":["GET"]}}],"collection":[{"href":"https:\/\/sincomavi.org.br\/index.php?rest_route=\/wp\/v2\/pages"}],"about":[{"href":"https:\/\/sincomavi.org.br\/index.php?rest_route=\/wp\/v2\/types\/page"}],"author":[{"embeddable":true,"href":"https:\/\/sincomavi.org.br\/index.php?rest_route=\/wp\/v2\/users\/1"}],"replies":[{"embeddable":true,"href":"https:\/\/sincomavi.org.br\/index.php?rest_route=%2Fwp%2Fv2%2Fcomments&post=811"}],"version-history":[{"count":13,"href":"https:\/\/sincomavi.org.br\/index.php?rest_route=\/wp\/v2\/pages\/811\/revisions"}],"predecessor-version":[{"id":8117,"href":"https:\/\/sincomavi.org.br\/index.php?rest_route=\/wp\/v2\/pages\/811\/revisions\/8117"}],"wp:attachment":[{"href":"https:\/\/sincomavi.org.br\/index.php?rest_route=%2Fwp%2Fv2%2Fmedia&parent=811"}],"curies":[{"name":"wp","href":"https:\/\/api.w.org\/{rel}","templated":true}]}}