{"id":803,"date":"2019-08-16T16:56:11","date_gmt":"2019-08-16T19:56:11","guid":{"rendered":"http:\/\/sincomavi.org.br\/?page_id=803"},"modified":"2019-08-16T16:56:12","modified_gmt":"2019-08-16T19:56:12","slug":"politica-de-privacidade-2","status":"publish","type":"page","link":"https:\/\/sincomavi.org.br\/?page_id=803","title":{"rendered":"Pol\u00edtica de Privacidade"},"content":{"rendered":"\n<p>Todas as suas informa\u00e7\u00f5es pessoais recolhidas ser\u00e3o usadas para tornar a sua visita ao nosso site o mais produtiva e agrad\u00e1vel poss\u00edvel.<\/p>\n\n\n\n<p>A garantia da confidencialidade dos dados pessoais dos usu\u00e1rios e\/ou visitantes do nosso site \u00e9 importante para o Sincomavi.<\/p>\n\n\n\n<p>Todas as informa\u00e7\u00f5es pessoais relativas a membros, assinantes, clientes ou visitantes que usem o site do Sincomavi ser\u00e3o tratadas em concord\u00e2ncia com a legisla\u00e7\u00e3o em vigor.<\/p>\n\n\n\n<p>A informa\u00e7\u00e3o pessoal recolhida pode incluir o nome, e-mail, n\u00famero de telefone e\/ou celular, endere\u00e7o, data de nascimento e\/ou outros. <\/p>\n\n\n\n<p>O uso do site do Sincomavi pressup\u00f5e a aceita\u00e7\u00e3o deste Acordo de Privacidade, que pode ser alterado sem aviso pr\u00e9vio. Deste modo recomendamos que consulte a nossa pol\u00edtica de privacidade com regularidade de forma a estar sempre atualizado.<\/p>\n\n\n\n<p>Os an\u00fancios<\/p>\n\n\n\n<p>Tal como outros websites, coletamos e utilizamos informa\u00e7\u00e3o contida nos an\u00fancios, que podem incluir o seu endere\u00e7o IP (Internet Protocol), o seu ISP (Internet Service Provide), o browser que utilizou ao visitar o nosso website, o tempo da sua visita e que p\u00e1ginas visitou dentro do nosso website.<\/p>\n\n\n\n<p>Os Cookies e Web Beacons<\/p>\n\n\n\n<p>Utilizamos cookies para armazenar informa\u00e7\u00e3o, tais como as suas prefer\u00eancias pessoais quando visita o nosso website. Isto poder\u00e1 incluir um simples popup, ou uma liga\u00e7\u00e3o em v\u00e1rios servi\u00e7os que providenciamos.<\/p>\n\n\n\n<p>Tamb\u00e9m utilizamos publicidade de terceiros no nosso website para suportar os custos de manuten\u00e7\u00e3o. Alguns destes anunciantes poder\u00e3o utilizar tecnologias como os cookies e\/ou web beacons quando anunciam no nosso website, o que far\u00e1 com que esses anunciantes (como o Google atrav\u00e9s do Google AdSense) tamb\u00e9m recebam a sua informa\u00e7\u00e3o pessoal, como o endere\u00e7o IP, o seu ISP, o seu browser, etc. <\/p>\n\n\n\n<p>Esta fun\u00e7\u00e3o \u00e9 geralmente utilizada para geotargeting (por exemplo, mostrar publicidade de S. Paulo apenas aos leitores situados em S. Paulo) ou apresentar publicidade direcionada a um tipo de usu\u00e1rio (como mostrar publicidade de restaurante para quem visita sites de culin\u00e1ria regularmente).<\/p>\n\n\n\n<p>Voc\u00ea pode desativar os seus cookies nas op\u00e7\u00f5es do seu navegador, ou efetuar altera\u00e7\u00f5es nas ferramentas de programas anti-virus. No entanto isso poder\u00e1 alterar a forma como interage com o nosso website, ou outros websites. Isso poder\u00e1 afetar ou n\u00e3o permitir que fa\u00e7a logins em programas, sites ou f\u00f3runs da nossa e de outras redes.<\/p>\n\n\n\n<p>Conex\u00f5es a sites de terceiros<\/p>\n\n\n\n<p>O Sincomavi possui conex\u00f5es para outros sites, os quais a nosso ver, podem conter informa\u00e7\u00f5es e\/ou ferramentas \u00fateis para os nossos visitantes. A nossa pol\u00edtica de privacidade n\u00e3o \u00e9 aplicada a sites de terceiros. Caso visite outro site, a partir do nosso, dever\u00e1 ler a pol\u00edtica de privacidade do mesmo.<\/p>\n","protected":false},"excerpt":{"rendered":"<p>Todas as suas informa\u00e7\u00f5es pessoais recolhidas ser\u00e3o usadas para tornar a sua visita ao nosso site o mais produtiva e agrad\u00e1vel poss\u00edvel. A garantia da confidencialidade dos dados pessoais dos usu\u00e1rios e\/ou visitantes do nosso site \u00e9 importante para o Sincomavi. Todas as informa\u00e7\u00f5es pessoais relativas a membros, assinantes, clientes ou visitantes que usem o [&hellip;]<\/p>\n","protected":false},"author":1,"featured_media":0,"parent":0,"menu_order":0,"comment_status":"closed","ping_status":"closed","template":"","meta":{"tdm_status":"","tdm_grid_status":"","footnotes":""},"class_list":["post-803","page","type-page","status-publish","hentry"],"amp_enabled":true,"_links":{"self":[{"href":"https:\/\/sincomavi.org.br\/index.php?rest_route=\/wp\/v2\/pages\/803","targetHints":{"allow":["GET"]}}],"collection":[{"href":"https:\/\/sincomavi.org.br\/index.php?rest_route=\/wp\/v2\/pages"}],"about":[{"href":"https:\/\/sincomavi.org.br\/index.php?rest_route=\/wp\/v2\/types\/page"}],"author":[{"embeddable":true,"href":"https:\/\/sincomavi.org.br\/index.php?rest_route=\/wp\/v2\/users\/1"}],"replies":[{"embeddable":true,"href":"https:\/\/sincomavi.org.br\/index.php?rest_route=%2Fwp%2Fv2%2Fcomments&post=803"}],"version-history":[{"count":1,"href":"https:\/\/sincomavi.org.br\/index.php?rest_route=\/wp\/v2\/pages\/803\/revisions"}],"predecessor-version":[{"id":804,"href":"https:\/\/sincomavi.org.br\/index.php?rest_route=\/wp\/v2\/pages\/803\/revisions\/804"}],"wp:attachment":[{"href":"https:\/\/sincomavi.org.br\/index.php?rest_route=%2Fwp%2Fv2%2Fmedia&parent=803"}],"curies":[{"name":"wp","href":"https:\/\/api.w.org\/{rel}","templated":true}]}}