{"id":615,"date":"2019-08-14T16:38:06","date_gmt":"2019-08-14T19:38:06","guid":{"rendered":"http:\/\/sincomavi.org.br\/?page_id=615"},"modified":"2020-09-23T14:29:30","modified_gmt":"2020-09-23T17:29:30","slug":"contribuicoes","status":"publish","type":"page","link":"https:\/\/sincomavi.org.br\/?page_id=615","title":{"rendered":"Contribui\u00e7\u00f5es"},"content":{"rendered":"<div id=\"tdi_1\" class=\"tdc-zone\"><div class=\"tdc_zone tdi_2 \"  >\n<style scoped>\n\/* custom css - generated by TagDiv Composer *\/\n\n\/* custom css - generated by TagDiv Composer *\/\n\/* custom css - generated by TagDiv Composer *\/\n.tdi_2{\r\n                    min-height: 0;\r\n                }\n<\/style><div id=\"tdi_3\" class=\"tdc-row\"><div class=\"vc_row tdi_4  wpb_row td-pb-row\" >\n<style scoped>\n\/* custom css - generated by TagDiv Composer *\/\n\n\/* custom css - generated by TagDiv Composer *\/\n\/* custom css - generated by TagDiv Composer *\/\n.tdi_4,\r\n                .tdi_4 .tdc-columns{\r\n                    min-height: 0;\r\n                }\n<\/style><div class=\"vc_column tdi_6  wpb_column vc_column_container tdc-column td-pb-span12\">\n<style scoped>\n\/* custom css - generated by TagDiv Composer *\/\n\n\/* custom css - generated by TagDiv Composer *\/\n\/* custom css - generated by TagDiv Composer *\/\n.tdi_6{\r\n                    vertical-align: baseline;\r\n                }\n<\/style><div class=\"wpb_wrapper\" ><div class=\"td_block_wrap td_block_12 tdi_7 td-pb-border-top td_block_template_1\"  data-td-block-uid=\"tdi_7\" >\n<style>\n\/* custom css - generated by TagDiv Composer *\/\n\/* custom css - generated by TagDiv Composer *\/\n.tdi_7 .td-post-vid-time{\r\n\t\t\t\t\tdisplay: block;\r\n\t\t\t\t}\n<\/style><script>var block_tdi_7 = new tdBlock();\nblock_tdi_7.id = \"tdi_7\";\nblock_tdi_7.atts = '{\"limit\":\"2\",\"category_id\":\"151\",\"sort\":\"alphabetical_order\",\"m11_el\":\"15\",\"block_type\":\"td_block_12\",\"separator\":\"\",\"custom_title\":\"\",\"custom_url\":\"\",\"title_tag\":\"\",\"block_template_id\":\"\",\"border_top\":\"\",\"color_preset\":\"\",\"m11_tl\":\"\",\"m11_title_tag\":\"\",\"post_ids\":\"\",\"category_ids\":\"\",\"tag_slug\":\"\",\"autors_id\":\"\",\"installed_post_types\":\"\",\"offset\":\"\",\"open_in_new_window\":\"\",\"show_modified_date\":\"\",\"video_popup\":\"\",\"video_rec\":\"\",\"video_rec_title\":\"\",\"show_vid_t\":\"block\",\"el_class\":\"\",\"td_ajax_filter_type\":\"\",\"td_ajax_filter_ids\":\"\",\"td_filter_default_txt\":\"All\",\"td_ajax_preloading\":\"\",\"f_header_font_header\":\"\",\"f_header_font_title\":\"Block header\",\"f_header_font_settings\":\"\",\"f_header_font_family\":\"\",\"f_header_font_size\":\"\",\"f_header_font_line_height\":\"\",\"f_header_font_style\":\"\",\"f_header_font_weight\":\"\",\"f_header_font_transform\":\"\",\"f_header_font_spacing\":\"\",\"f_header_\":\"\",\"f_ajax_font_title\":\"Ajax categories\",\"f_ajax_font_settings\":\"\",\"f_ajax_font_family\":\"\",\"f_ajax_font_size\":\"\",\"f_ajax_font_line_height\":\"\",\"f_ajax_font_style\":\"\",\"f_ajax_font_weight\":\"\",\"f_ajax_font_transform\":\"\",\"f_ajax_font_spacing\":\"\",\"f_ajax_\":\"\",\"f_more_font_title\":\"Load more button\",\"f_more_font_settings\":\"\",\"f_more_font_family\":\"\",\"f_more_font_size\":\"\",\"f_more_font_line_height\":\"\",\"f_more_font_style\":\"\",\"f_more_font_weight\":\"\",\"f_more_font_transform\":\"\",\"f_more_font_spacing\":\"\",\"f_more_\":\"\",\"m11f_title_font_header\":\"\",\"m11f_title_font_title\":\"Article title\",\"m11f_title_font_settings\":\"\",\"m11f_title_font_family\":\"\",\"m11f_title_font_size\":\"\",\"m11f_title_font_line_height\":\"\",\"m11f_title_font_style\":\"\",\"m11f_title_font_weight\":\"\",\"m11f_title_font_transform\":\"\",\"m11f_title_font_spacing\":\"\",\"m11f_title_\":\"\",\"m11f_cat_font_title\":\"Article category tag\",\"m11f_cat_font_settings\":\"\",\"m11f_cat_font_family\":\"\",\"m11f_cat_font_size\":\"\",\"m11f_cat_font_line_height\":\"\",\"m11f_cat_font_style\":\"\",\"m11f_cat_font_weight\":\"\",\"m11f_cat_font_transform\":\"\",\"m11f_cat_font_spacing\":\"\",\"m11f_cat_\":\"\",\"m11f_meta_font_title\":\"Article meta info\",\"m11f_meta_font_settings\":\"\",\"m11f_meta_font_family\":\"\",\"m11f_meta_font_size\":\"\",\"m11f_meta_font_line_height\":\"\",\"m11f_meta_font_style\":\"\",\"m11f_meta_font_weight\":\"\",\"m11f_meta_font_transform\":\"\",\"m11f_meta_font_spacing\":\"\",\"m11f_meta_\":\"\",\"m11f_ex_font_title\":\"Article excerpt\",\"m11f_ex_font_settings\":\"\",\"m11f_ex_font_family\":\"\",\"m11f_ex_font_size\":\"\",\"m11f_ex_font_line_height\":\"\",\"m11f_ex_font_style\":\"\",\"m11f_ex_font_weight\":\"\",\"m11f_ex_font_transform\":\"\",\"m11f_ex_font_spacing\":\"\",\"m11f_ex_\":\"\",\"m11f_btn_font_title\":\"Article read more button\",\"m11f_btn_font_settings\":\"\",\"m11f_btn_font_family\":\"\",\"m11f_btn_font_size\":\"\",\"m11f_btn_font_line_height\":\"\",\"m11f_btn_font_style\":\"\",\"m11f_btn_font_weight\":\"\",\"m11f_btn_font_transform\":\"\",\"m11f_btn_font_spacing\":\"\",\"m11f_btn_\":\"\",\"ajax_pagination\":\"\",\"ajax_pagination_infinite_stop\":\"\",\"css\":\"\",\"tdc_css\":\"\",\"td_column_number\":3,\"header_color\":\"\",\"ajax_pagination_next_prev_swipe\":\"\",\"class\":\"tdi_7\",\"tdc_css_class\":\"tdi_7\",\"tdc_css_class_style\":\"tdi_7_rand_style\"}';\nblock_tdi_7.td_column_number = \"3\";\nblock_tdi_7.block_type = \"td_block_12\";\nblock_tdi_7.post_count = \"2\";\nblock_tdi_7.found_posts = \"2\";\nblock_tdi_7.header_color = \"\";\nblock_tdi_7.ajax_pagination_infinite_stop = \"\";\nblock_tdi_7.max_num_pages = \"1\";\ntdBlocksArray.push(block_tdi_7);\n<\/script><div id=tdi_7 class=\"td_block_inner td-column-3\">\n\n\t<div class=\"td-block-span12\">\n\r\n        <div class=\"td_module_11 td_module_wrap td-animation-stack td-meta-info-hide td-cpt-post\">\r\n            <div class=\"td-module-thumb\"><a href=\"https:\/\/sincomavi.org.br\/?p=618\"  rel=\"bookmark\" class=\"td-image-wrap \" title=\"Contribui\u00e7\u00e3o Patronal\" ><img loading=\"lazy\" decoding=\"async\" width=\"238\" height=\"178\" class=\"entry-thumb\" src=\"https:\/\/sincomavi.org.br\/wp-content\/uploads\/2019\/08\/CONTR_27ABR2020-238x178.jpg\"  srcset=\"https:\/\/sincomavi.org.br\/wp-content\/uploads\/2019\/08\/CONTR_27ABR2020-238x178.jpg 238w, https:\/\/sincomavi.org.br\/wp-content\/uploads\/2019\/08\/CONTR_27ABR2020-80x60.jpg 80w, https:\/\/sincomavi.org.br\/wp-content\/uploads\/2019\/08\/CONTR_27ABR2020-100x75.jpg 100w, https:\/\/sincomavi.org.br\/wp-content\/uploads\/2019\/08\/CONTR_27ABR2020-180x135.jpg 180w, https:\/\/sincomavi.org.br\/wp-content\/uploads\/2019\/08\/CONTR_27ABR2020-265x198.jpg 265w\" sizes=\"auto, (max-width: 238px) 100vw, 238px\"  alt=\"\" title=\"Contribui\u00e7\u00e3o Patronal\" \/><\/a><\/div>            \r\n            <div class=\"item-details\">\r\n\r\n                <h3 class=\"entry-title td-module-title\"><a href=\"https:\/\/sincomavi.org.br\/?p=618\"  rel=\"bookmark\" title=\"Contribui\u00e7\u00e3o Patronal\">Contribui\u00e7\u00e3o Patronal<\/a><\/h3>                <div class=\"meta-info\">\r\n                                                                                                                    <\/div>\r\n\r\n                <div class=\"td-excerpt\">\r\n                    \n\n\n\n\nPara a emiss\u00e3o da guia de contribui\u00e7\u00e3o, clique no bot\u00e3o abaixo:\n\n\n\nSISTEMA ONLINE\n\n\n\n\n\n\n\nTabela de Contribui\u00e7\u00e3o...                <\/div>\r\n\r\n                <div class=\"td-read-more\">\r\n                    <a href=\"https:\/\/sincomavi.org.br\/?p=618\" >Leia mais<\/a>\r\n                <\/div>\r\n            <\/div>\r\n\r\n        <\/div>\r\n\r\n        \n\t<\/div> <!-- .\/td-block-span12 -->\n\n\t<div class=\"td-block-span12\">\n\r\n        <div class=\"td_module_11 td_module_wrap td-animation-stack td-meta-info-hide td-cpt-post\">\r\n            <div class=\"td-module-thumb\"><a href=\"https:\/\/sincomavi.org.br\/?p=627\"  rel=\"bookmark\" class=\"td-image-wrap \" title=\"Contribui\u00e7\u00e3o Sindical &#8211; guia online\" ><img loading=\"lazy\" decoding=\"async\" width=\"238\" height=\"178\" class=\"entry-thumb\" src=\"https:\/\/sincomavi.org.br\/wp-content\/uploads\/2020\/01\/CONTRIBUICAO_CEF-238x178.png\"  srcset=\"https:\/\/sincomavi.org.br\/wp-content\/uploads\/2020\/01\/CONTRIBUICAO_CEF-238x178.png 238w, https:\/\/sincomavi.org.br\/wp-content\/uploads\/2020\/01\/CONTRIBUICAO_CEF-80x60.png 80w, https:\/\/sincomavi.org.br\/wp-content\/uploads\/2020\/01\/CONTRIBUICAO_CEF-100x75.png 100w, https:\/\/sincomavi.org.br\/wp-content\/uploads\/2020\/01\/CONTRIBUICAO_CEF-180x135.png 180w, https:\/\/sincomavi.org.br\/wp-content\/uploads\/2020\/01\/CONTRIBUICAO_CEF-265x198.png 265w\" sizes=\"auto, (max-width: 238px) 100vw, 238px\"  alt=\"\" title=\"Contribui\u00e7\u00e3o Sindical &#8211; guia online\" \/><\/a><\/div>            \r\n            <div class=\"item-details\">\r\n\r\n                <h3 class=\"entry-title td-module-title\"><a href=\"https:\/\/sincomavi.org.br\/?p=627\"  rel=\"bookmark\" title=\"Contribui\u00e7\u00e3o Sindical &#8211; guia online\">Contribui\u00e7\u00e3o Sindical &#8211; guia online<\/a><\/h3>                <div class=\"meta-info\">\r\n                                                                                                                    <\/div>\r\n\r\n                <div class=\"td-excerpt\">\r\n                    \n\n\n\n\nPara a emiss\u00e3o da guia de contribui\u00e7\u00e3o, clique no bot\u00e3o abaixo:\n\n\n\nSISTEMA ONLINE\n\n\n\nPara preenchimento da...                <\/div>\r\n\r\n                <div class=\"td-read-more\">\r\n                    <a href=\"https:\/\/sincomavi.org.br\/?p=627\" >Leia mais<\/a>\r\n                <\/div>\r\n            <\/div>\r\n\r\n        <\/div>\r\n\r\n        \n\t<\/div> <!-- .\/td-block-span12 --><\/div><\/div> <!-- .\/block --><div class=\"td_block_wrap td_block_text_with_title tdi_8 td-pb-border-top td_block_template_1\"  data-td-block-uid=\"tdi_8\" >\n<style>\n\/* custom css - generated by TagDiv Composer *\/\n\/* custom css - generated by TagDiv Composer *\/\n\n<\/style><div class=\"td_mod_wrap td-pb-padding-side td-fix-index\"><h1>Veja s\u00f3 o que sua contribui\u00e7\u00e3o garante:<\/h1>\n<p><strong>Representa\u00e7\u00e3o <\/strong><\/p>\n<p>O Sincomavi tem mantido contato constante com representantes dos poderes legislativo e executivo, n\u00e3o s\u00f3 de forma preventiva, mas tamb\u00e9m em busca de solu\u00e7\u00f5es para problemas dos com\u00e9rcios do segmento. Os melhores exemplos s\u00e3o as a\u00e7\u00f5es realizadas em rela\u00e7\u00e3o \u00e0 fiscaliza\u00e7\u00e3o indevida e log\u00edstica reversa. Esse trabalho cont\u00ednuo tamb\u00e9m \u00e9 realizado em outras esferas. <a href=\"https:\/\/sincomavi.org.br\/por-que-contribuir-com-o-sincomavi\/\">Mais detalhes<\/a>.<\/p>\n<p><strong>Conven\u00e7\u00f5es Coletivas de Trabalho<\/strong><\/p>\n<p>A entidade, que conta com experi\u00eancia de mais de 30 anos em negocia\u00e7\u00f5es coletivas de trabalho, defende com firmeza os interesses da categoria e busca firmar CCTs que atendam as diferentes necessidades dos segmentos representados, proporcionando total tranquilidade aos empres\u00e1rios do setor. <a href=\"https:\/\/sincomavi.org.br\/quem-sera-o-mais-capaz\/\">Outras informa\u00e7\u00f5es<\/a>.<\/p>\n<p><strong>Treinamento <\/strong><\/p>\n<p>O Sincomavi possui longa tradi\u00e7\u00e3o na oferta de treinamento de qualidade. A programa\u00e7\u00e3o conta com docentes de comprovada experi\u00eancia e temas de interesse de comerciantes e seus colaboradores. As empresas associadas contam com descontos especiais e, muitas vezes, at\u00e9 isen\u00e7\u00e3o de pagamento. <a href=\"https:\/\/sincomavi.org.br\/garanta-o-desenvolvimento-profissional-de-sua-empresa\/\">Saiba mais<\/a>.<\/p>\n<p>Al\u00e9m disso, o Sincomavi proporciona ainda \u00e0s empresas do segmento uma ampla oferta de conv\u00eanios e parcerias, eventos especiais e conte\u00fado espec\u00edfico para o setor.<\/p>\n<hr \/>\n<h2 class=\"wp-block-heading\">Pol\u00edtica de cancelamento dos boletos de contribui\u00e7\u00e3o<\/h2>\n<p>O n\u00e3o pagamento do boleto, at\u00e9 a data de vencimento, implica em seu cancelamento autom\u00e1tico no dia seguinte, sem qualquer \u00f4nus.<\/p>\n<h4><strong>CNAE<\/strong><u><\/u><u><\/u><\/h4>\n<p>Em rela\u00e7\u00e3o \u00e0s Classifica\u00e7\u00f5es Nacionais de Atividade Econ\u00f4mica (CNAEs), que s\u00e3o o instrumento oficial de padroniza\u00e7\u00e3o nacional dos c\u00f3digos de atividade econ\u00f4mica e dos crit\u00e9rios de enquadramento utilizados por diversos \u00f3rg\u00e3os, o Sincomavi representa os estabelecimentos com os c\u00f3digos relacionados abaixo.<u><\/u><u><\/u><\/p>\n<p>Para melhor entendimento, tamb\u00e9m constam da rela\u00e7\u00e3o, al\u00e9m dos n\u00fameros dos CNAEs, a descri\u00e7\u00e3o b\u00e1sica e o ramo de atividade.<\/p>\n<p><strong>CNAE\u00a0\u00a0\u00a0 DESCRI\u00c7\u00c3O<\/strong><br \/>4741500\u00a0\u00a0\u00a0 Com\u00e9rcio varejista de tintas e materiais para pintura<br \/>4742300\u00a0 \u00a0 Com\u00e9rcio varejista de material el\u00e9trico para constru\u00e7\u00e3o<br \/>4743100\u00a0\u00a0\u00a0 Com\u00e9rcio varejista de vidros<br \/>4744001\u00a0\u00a0\u00a0 Com\u00e9rcio varejista de ferragens, ferramentas e balan\u00e7as<br \/>4744002\u00a0\u00a0\u00a0 Com\u00e9rcio varejista de madeiras e artefatos<br \/>4744003\u00a0\u00a0\u00a0 Com\u00e9rcio varejista de materiais hidr\u00e1ulicos<br \/>4744004\u00a0\u00a0\u00a0 Com\u00e9rcio varejista de cal, areia, pedra britada, tijolos e telhas<br \/>4744005\u00a0\u00a0\u00a0 Com\u00e9rcio varejista de material de constru\u00e7\u00e3o n\u00e3o especificado anteriormente<br \/>4744006\u00a0\u00a0\u00a0 Com\u00e9rcio varejista de pedras para revestimento<br \/>4744099\u00a0\u00a0\u00a0 Com\u00e9rcio varejista de material de constru\u00e7\u00e3o em geral<br \/>4751201\u00a0\u00a0\u00a0 Com\u00e9rcio varejista de computadores, equipamentos e suprimentos de inform\u00e1tica<br \/>4753900\u00a0\u00a0\u00a0 Com\u00e9rcio varejista de maquinas de costura, terraplenagem e comerciais<br \/>4763603\u00a0\u00a0\u00a0 Com\u00e9rcio varejista de bicicletas e triciclos, pe\u00e7as e acess\u00f3rios<br \/>4789007\u00a0\u00a0\u00a0 Com\u00e9rcio varejista de equipamentos para escrit\u00f3rio<br \/>4789099\u00a0\u00a0\u00a0 Com\u00e9rcio varejista de outros produtos n\u00e3o especificados anteriormente<br \/>9529102\u00a0\u00a0\u00a0 Chaveiro (\u00c9 considerado ferragens)<\/p>\n<p>&nbsp;<\/p>\n<\/div><\/div><\/div><\/div><\/div><\/div><\/div><\/div>","protected":false},"excerpt":{"rendered":"Contribui\u00e7\u00e3o Patronal Para a emiss\u00e3o da guia de contribui\u00e7\u00e3o, clique no bot\u00e3o abaixo: SISTEMA ONLINE Tabela de Contribui\u00e7\u00e3o... Leia mais Contribui\u00e7\u00e3o Sindical &#8211; guia online Para a emiss\u00e3o da guia de contribui\u00e7\u00e3o, clique no bot\u00e3o abaixo: SISTEMA ONLINE Para preenchimento da... Leia mais Veja s\u00f3 o que sua contribui\u00e7\u00e3o garante: Representa\u00e7\u00e3o O Sincomavi tem mantido [...]","protected":false},"author":1,"featured_media":0,"parent":0,"menu_order":0,"comment_status":"closed","ping_status":"closed","template":"","meta":{"tdm_status":"","tdm_grid_status":"","footnotes":""},"class_list":["post-615","page","type-page","status-publish","hentry"],"amp_enabled":true,"_links":{"self":[{"href":"https:\/\/sincomavi.org.br\/index.php?rest_route=\/wp\/v2\/pages\/615","targetHints":{"allow":["GET"]}}],"collection":[{"href":"https:\/\/sincomavi.org.br\/index.php?rest_route=\/wp\/v2\/pages"}],"about":[{"href":"https:\/\/sincomavi.org.br\/index.php?rest_route=\/wp\/v2\/types\/page"}],"author":[{"embeddable":true,"href":"https:\/\/sincomavi.org.br\/index.php?rest_route=\/wp\/v2\/users\/1"}],"replies":[{"embeddable":true,"href":"https:\/\/sincomavi.org.br\/index.php?rest_route=%2Fwp%2Fv2%2Fcomments&post=615"}],"version-history":[{"count":17,"href":"https:\/\/sincomavi.org.br\/index.php?rest_route=\/wp\/v2\/pages\/615\/revisions"}],"predecessor-version":[{"id":5044,"href":"https:\/\/sincomavi.org.br\/index.php?rest_route=\/wp\/v2\/pages\/615\/revisions\/5044"}],"wp:attachment":[{"href":"https:\/\/sincomavi.org.br\/index.php?rest_route=%2Fwp%2Fv2%2Fmedia&parent=615"}],"curies":[{"name":"wp","href":"https:\/\/api.w.org\/{rel}","templated":true}]}}